**2 + 1775*f + 569137. What is y(-420)?
37
Let b(m) = 162*m**2 - 870*m + 999. Calculate b(2).
-93
Let d(z) = -z**3 - 11*z**2 + 55*z - 349. Calculate d(-18).
929
Let f(z) = z**2 - 5732*z + 17200. Calculate f(3).
13
Let f(r) = 2*r**3 - 82*r**2 + 151*r - 427. What is f(39)?
-622
Let c(b) = -379*b**2 - 9076*b + 479. Calculate c(-24).
-1
Let d(u) = -12*u**2 - 227*u - 114. What is d(-17)?
277
Let c(s) = -14*s**2 + 2590*s - 79679. Calculate c(39).
37
Let h(o) = -3635*o + 5027203. Determine h(1383).
-2
Let j(s) = -8*s**3 + 851*s**2 + 1405*s - 118. Calculate j(108).
-10
Let i(o) = 2*o**3 + o**2 - 51*o - 47. Calculate i(7).
331
Let a(b) = 33*b**2 + 1782*b + 126. What is a(-54)?
126
Let a(t) = -7*t**3 + 98*t**2 + 13*t + 50. Give a(-4).
2014
Let c(i) = -281*i + 5758. Determine c(20).
138
Let k(i) = 15571*i + 4282042. What is k(-275)?
17
Let g(l) = -84*l**2 - 11483*l + 11485. Calculate g(1).
-82
Let a(v) = -v**2 + 455*v - 4561. What is a(10)?
-111
Let q(x) = -534*x - 3209. What is q(-6)?
-5
Let o(x) = -225*x + 6304. Give o(26).
454
Let b(f) = -3584*f - 42914. Determine b(-12).
94
Let v(o) = -o**3 + 36*o**2 + 23*o - 895. Calculate v(37).
-1413
Let g(l) = 3*l**3 + 25*l**2 - 64*l - 585. Determine g(-5).
-15
Let d(o) = -20709*o + 165785. Calculate d(8).
113
Let n(w) = -4*w**2 + 2333*w + 50687. Determine n(-21).
-70
Let y(l) = l**3 - 62*l**2 - 1547*l + 646. Determine y(81).
-2
Let u(t) = -155*t + 32068. Give u(202).
758
Let p(h) = -11615*h + 34868. What is p(3)?
23
Let o(f) = 628*f**2 + 36*f - 38. Determine o(1).
626
Let q(s) = -6905*s - 40133. Calculate q(-6).
1297
Let x(d) = -2*d**2 + 665*d - 7327. Calculate x(11).
-254
Let y(m) = m**3 - 14*m**2 - 26*m - 442. Determine y(0).
-442
Let r(q) = -13*q**3 - 3*q**2 - 571*q + 1700. Calculate r(3).
-391
Let n(j) = -j**2 + 380*j + 10894. Give n(-27).
-95
Let t(s) = 73*s**2 - 11869*s + 6975. Determine t(162).
9
Let z(h) = 274*h**2 - 511*h. Calculate z(2).
74
Let c(g) = -9*g**2 + 1050*g - 5658. Determine c(111).
3
Let q(i) = -5890*i + 1283984. Calculate q(218).
-36
Let z(u) = -1144*u**2 - 28604*u - 42. Determine z(-25).
58
Let l(h) = 24*h**3 + 146*h**2 + 302*h + 1739. Calculate l(-6).
-1
Let k(j) = 2867*j + 2976. Calculate k(-1).
109
Let z(o) = -2*o**3 - 280*o**2 - 1349*o + 62. Determine z(-135).
-73
Let b(j) = j**2 + 213*j + 7905. Determine b(-157).
-887
Let b(u) = -9*u**2 + 1019*u + 2746. What is b(116)?
-154
Let v(p) = -119041*p + 2023615. Calculate v(17).
-82
Let m(h) = 10*h**2 + 2684*h + 2677. Calculate m(-1).
3
Let s(p) = 414565*p + 414532. What is s(-1)?
-33
Let r(a) = 2*a**3 + 10*a**2 - 243*a - 16. Calculate r(9).
65
Let v(f) = f**3 + 20*f**2 + 2279*f + 37898. Calculate v(-17).
22
Let f(x) = -3*x**3 - 317*x**2 - 597*x - 8004. Calculate f(-104).
4
Let w(r) = 17*r**2 - 112*r + 90. Give w(5).
-45
Let j(c) = 6*c**2 - 41*c - 1126. What is j(-18)?
1556
Let r(p) = -p**3 - 36*p**2 + 2291*p + 84197. Give r(-38).
27
Let k(f) = f**3 + 318*f**2 - 1985*f - 13279. Give k(-324).
5
Let g(w) = -124*w**2 - 1171*w + 32. Calculate g(-10).
-658
Let r(i) = -i**2 + 4*i + 401. Calculate r(23).
-36
Let o(h) = h**3 - 108*h**2 + 2932*h - 1355. What is o(57)?
70
Let g(v) = 15*v**2 - 707*v - 16185. Calculate g(64).
7
Let g(f) = 1155130*f + 1155134. Determine g(-1).
4
Let q(a) = 30*a**2 + 67*a + 424. What is q(-6)?
1102
Let o(r) = r**3 + r**2 - 4424*r + 38958. What is o(9)?
-48
Let s(d) = -362*d + 5323. Determine s(15).
-107
Let q(r) = -917374*r + 7338989. What is q(8)?
-3
Let t(k) = -k**2 + 934*k - 48948. Give t(56).
220
Let j(v) = 2*v**2 + 142629*v + 713132. Calculate j(-5).
37
Let f(d) = d**3 - 142*d**2 + 4850*d - 268. What is f(57)?
17
Let m(r) = -2*r**2 - 13218*r + 13217. Give m(1).
-3
Let b(s) = 45*s**2 - 73*s + 108. Calculate b(1).
80
Let s(h) = 489*h - 15669. Give s(32).
-21
Let p(u) = 4*u**3 + 95*u**2 - 24*u + 51. What is p(-24)?
51
Let r(b) = -37485*b + 899703. Determine r(24).
63
Let w(n) = n**3 - 1124*n**2 - 110567*n - 189. Calculate w(-91).
-7
Let g(a) = -1652*a + 649239. Give g(393).
3
Let m(u) = -47*u + 366. Calculate m(-5).
601
Let n(s) = s**3 + 14*s**2 - 367*s - 3034. Determine n(-24).
14
Let u(r) = -427*r - 43563. Calculate u(-102).
-9
Let y(b) = -60*b + 7815. Calculate y(113).
1035
Let q(s) = -s**3 - 271*s**2 - 21*s - 5634. Calculate q(-271).
57
Let y(x) = -7983*x**2 + 7980*x - 8. What is y(1)?
-11
Let n(m) = 4*m**3 + 4*m**2 + 895*m - 6246. Give n(7).
1587
Let d(o) = 192*o - 3114. What is d(16)?
-42
Let q(p) = -p**2 - 127*p - 7565. Calculate q(-45).
-3875
Let l(z) = 3*z**3 - 20*z**2 + 149*z - 1530. Give l(13).
3618
Let i(q) = -21*q**3 - 39*q**2 + 103*q - 56. Determine i(2).
-174
Let t(l) = -2*l**2 + 218*l - 3796. What is t(22)?
32
Let h(m) = m**3 - 67*m**2 + 204*m + 5544. What is h(62)?
-1028
Let m(y) = 9*y**3 - 17*y**2 - 5*y + 420. Determine m(7).
2639
Let j(i) = -298*i + 8194. Determine j(26).
446
Let f(l) = 16*l + 1173. Determine f(-74).
-11
Let x(z) = -2*z**3 + 23*z**2 - 77*z + 735. Calculate x(11).
9
Let k(s) = 3*s**2 - 265255*s - 1061067. Give k(-4).
1
Let h(d) = -d**3 - 480*d**2 + 18023*d - 1137. Calculate h(-515).
-107
Let a(m) = 3*m**3 - 84*m**2 + 163*m + 216. Determine a(26).
398
Let s(i) = 2213*i + 10786. Give s(-2).
6360
Let k(h) = 1945*h - 11161. Calculate k(6).
509
Let w(u) = 4*u**2 - 251*u + 3575. Calculate w(23).
-82
Let s(l) = -71716*l - 2510054. Give s(-35).
6
Let z(w) = 880*w - 127614. Give z(145).
-14
Let m(l) = -954835*l - 6683845. Give m(-7).
0
Let t(p) = -309*p**2 - 20*p + 41. Calculate t(0).
41
Let v(c) = 3141*c + 29924. Give v(-10).
-1486
Let i(j) = 465*j**2 + 8283*j - 1590. Determine i(-18).
-24
Let d(k) = -5*k**2 - 961*k - 20190. Give d(-22).
-1468
Let s(j) = 252*j - 3679. Calculate s(14).
-151
Let n(t) = -5968*t - 190963. What is n(-32)?
13
Let c(a) = a**3 - 143*a**2 - 11621*a - 7391. What is c(201)?
46
Let v(m) = -28416*m + 170502. Calculate v(6).
6
Let o(t) = -t**3 - 4*t**2 + 265*t + 1148. Determine o(-16).
-20
Let w(g) = -142*g**2 - 4376*g + 9323. Calculate w(2).
3
Let b(s) = -305*s - 4233. Determine b(-14).
37
Let v(f) = 75*f**3 + 975*f**2 - 4*f - 56. Give v(-13).
-4
Let b(n) = 1134*n**2 - 115*n + 98. Calculate b(1).
1117
Let z(q) = -1432*q - 20881. Calculate z(-14).
-833
Let v(m) = 176*m + 157. Give v(16).
2973
Let v(o) = 4*o**2 - 143*o - 6078. What is v(-25)?
-3
Let w(l) = -36*l**2 - 433*l - 1. Give w(-12).
11
Let g(l) = -66*l**2 + 630*l - 305. Give g(9).
19
Let p(z) = -5*z**3 - 1426*z**2 - 281*z + 1415. Give p(-285).
275
Let r(x) = 6931*x + 214868. What is r(-31)?
7
Let p(k) = 4*k**3 + 110*k**2 + 13*k + 198. Give p(-28).
-1734
Let g(r) = 106*r**2 + 309*r - 1952. Give g(3).
-71
Let n(v) = 277*v + 413. What is n(7)?
2352
Let k(x) = -x**3 + 152*x**2 - 2036*x - 2606. What is k(137)?
-3
Let u(j) = 12772*j - 178842. Determine u(14).
-34
Let l(s) = -81*s**2 - 640*s + 14. Calculate l(-8).
-50
Let v(w) = 960*w - 28783. Give v(30).
17
Let c(w) = 401*w - 749. What is c(8)?
2459
Let t(n) = -2*n**3 - 908*n**2 + 2676*n + 171. Calculate t(3).
-27
Let b(n) = -2698*n + 37757. Give b(14).
-15
Let n(k) = -1790*k - 57316. What is n(-32)?
-36
Let a(i) = -3*i**3 - 1481*i**2 + 374*i - 59284. Determine a(-494).
-4
Let f(y) = 1382*y**2 + 142*y + 11. Calculate f(-1).
1251
Let x(t) = -982*t - 485853. Calculate x(-495).
237
Let l(q) = 5*q**3 + 101*q**2 + 14*q + 151. Give l(-20).
271
Let u(t) = -588*t + 41004. What is u(70)?
-156
Let u(o) = 28862*o - 1385381. Calculate u(48).
-5
Let o(w) = 102*w**2 + 3990*w - 12333. What is o(-42)?
15
Let r(v) = 53700*v + 805458. What is r(-15)?
-42
Let c(p) = -p**3 + 11*p**2 + 156*p - 30. What is c(23)?
-2790
Let a(n) = n**3 - 37*n**2 + 229*n + 1770. Determine a(25).
-5
Let q(w) = -w**3 - 15*w**2 + 606*w + 134. Give q(-33).
-262
Let x(q) = 42*q**2 - 12406*q - 7909. Determine x(296).
-213
Let j(x) = 760*x + 9115. Give j(-12).
-5
Let y(g) = 4*g**3 + 51*g**2 - 72*g - 30. Give y(-14).
-2
Let q(x) = 283*x**2 - 284*x + 6. Determine q(1).
5
Let y(v) = v**3 + 8*v**2 - 10*v - 23. Determine y(-8).
57
Let m(q) = q**3 + 32*q**2 - 48*q - 5797. What is m(-24)?
-37
Let n(b) = 457*b**3 + 1832*b**2 + 18*b + 1. What is n(-4)?
-7
Let g(z) = 66*z - 19132. Determine g(248).
-2764
Let y(l) = 707858*l - 4247147. Calculate y(6).
1
Let z(p) = -5*p**3 - 65*p**2 + 1697*p + 22066. Calculate z(-13).
5
Let x